4*b = 111 - 127. Let a(w) = b*p(w) - 3*g(w). Suppose -6*y + 4*y + 10 = 0. Give a(y).
-1
Let s(v) = -v**3 - 3*v**2 + v - 9. Let o be ((-160)/(-30) - 10) + (-4)/(-6). Determine s(o).
3
Suppose -2*j = 2*j - 28. Let w(b) = -b**3 + j*b**2 + 2*b**2 - 3*b**2 - b**2 + 5. Let t be (-10)/15*3 - -7. Determine w(t).
5
Let c(u) = -136 + 46 + 45 + 58 + u. Let j be c(-11). Let s(b) = 3*b - b - b**2 + 3*b**j - b**2. Give s(2).
8
Let h(b) = -1372 - 1372 + 2*b + 2741 + 6*b - b**2. Let x(g) = -2*g**2 + g - 1. Let t be x(1). Let m = 7 + t. What is h(m)?
12
Let l(f) be the first derivative of f**3/3 - f**2 + 3*f + 74. Let m(n) = -5*n + 3. Let k be m(0). Give l(k).
6
Suppose 3*d + 7 = 5*n, -d - 2*n + 11 = -n. Let s(f) = f - 38 - 3*f + 32 + 4*f. What is s(d)?
6
Let c(b) be the second derivative of -b**3/3 + 11*b**2/2 - 9*b - 239. Calculate c(-22).
55
Let b(z) = -z**2 - z - 1. Suppose -o + 14 = -15*o. Let t(y) = y**3 - 3*y**2 - 10*y - 3. Let r(x) = o*t(x) + 6*b(x). Give r(-5).
27
Let b(n) = -n**3 + 4*n**2 + 3*n + 2. Suppose 5*x - 3*x + 14 = 4*o, 3*o + 2*x = 0. Suppose -o*p = -p - 4. Determine b(p).
14
Let r be (-42)/8 + (-2)/(-8). Let f(a) = 2*a - 45. Let h(g) = g - 26. Let j(k) = 4*f(k) - 7*h(k). Let s be j(r). Let y(m) = -3*m**2 - 5*m - 3. Calculate y(s).
-15
Let k be (14/6)/(11/(-594)). Let g = 140 + k. Let t(z) = -25*z + g - 38*z + 62*z. Calculate t(7).
7
Let f(p) = -2*p**3 - 3*p**2. Let w(d) = -4*d**3 - 7*d**2 - d - 1. Let l(s) = -5*f(s) + 2*w(s). Let z be (-3 - -1)*(-1)/(-2). Determine l(z).
-1
Let j(d) = 26*d**3 + d**2 - 4*d - 4. Let t be j(-1). Let l = 27 + t. Let a(n) = 2*n + 1. Let k(y) = 3*y + 2. Let o(f) = -4*a(f) + 3*k(f). Calculate o(l).
4
Let y(b) = b**2 + 3*b - 4. Let k be 2 - (-1 + (-3 - -3)). Suppose -3*v + 195 = -k*s, 2*s + 110 + 24 = -2*v. Let i be (-20)/6*s/55. Determine y(i).
24
Suppose 3*v - 54 = -4*h, 20*h - 48 = 18*h + 2*v. Let g(i) = 5*i - 90. Determine g(h).
0
Let r(c) = 3*c**3 - 3*c**2 + 1. Let a(x) = -5*x**3 - 5*x - 2. Let i(q) = a(q) + 2*r(q). Calculate i(5).
-50
Let c(j) = j**2 - 20*j + 80. Let a be c(10). Let m(p) be the second derivative of p**5/20 + 5*p**4/3 + 7*p**2/2 - 35*p. Determine m(a).
7
Let f(o) = o**2 + 19*o + 49. Let l be f(-3). Let t(v) = -5*v. Let x(z) = 16*z - 13. Let c(b) = l*x(b) + 3*t(b). Let j = -16 - -25. Calculate c(j).
-4
Let q = -69 - -42. Let y = -15 - q. Suppose -3*i = -y*i - 45. Let j(n) = n. Give j(i).
-5
Let k(a) = 81902*a**2 + a - 2*a**3 - 81901*a**2 + a**3. Calculate k(2).
-2
Let d(y) = -37*y - 219. Let b be d(-6). Let g(t) = -2320 + 2298 + b*t - t. What is g(9)?
-4
Let n(g) = -g**2 + 407*g + 2485. Let p be n(-6). Let s(t) = t**3 - 9*t**2 + 17*t - 11. What is s(p)?
10
Let c(j) = 12*j**2 + 4*j**2 + j - 17*j**2. Let i(w) = -w**3 - 10*w**2 - 12*w - 14. Let r be i(-8). Let l = 49 + r. Give c(l).
-6
Let r(i) = 185*i - 255. Let d(g) = 43*g - 59. Let c(u) = -30*d(u) + 7*r(u). What is c(6)?
15
Suppose z + 5*z = -2982. Let w = z - -495. Let l(x) = 2*x**3 + 2*x**2 - x - 2. Calculate l(w).
-8
Let p(t) = -5*t + 44. Let g = 199 + -189. Give p(g).
-6
Let b(p) be the third derivative of 0*p**5 + 1/120*p**6 - 140*p**2 - 1/8*p**4 + 0*p + 0*p**3 + 0. Give b(-2).
-2
Suppose -15*u = -1035 + 4830. Let y = 254 + u. Let s(m) = -m**2 - 7. Let h(o) = o**2 + 6. Let v(a) = -6*h(a) - 5*s(a). Give v(y).
-2
Let t(f) = -159*f + 823. Let b be t(5). Let i(y) = 3*y - 70. Give i(b).
14
Let y(w) = -82*w - 345*w**2 - 62 + 346*w**2 + 87*w. Determine y(-11).
4
Let g(h) be the first derivative of h**4/4 + 26*h**3/3 - 14*h**2 - 34*h + 2713. Determine g(-27).
-7
Let w(v) = -4*v - 133*v**2 + 3*v + 130*v**2. Let i(b) = -b**2 - 4*b + 1. Let f be i(-2). Suppose 0 = 3*h + 6, -f*r + 2*h - 3 = h. Give w(r).
-2
Let s = -23623 - -23624. Let g(k) = -43*k**3 + k**2 + 3*k - 3. Determine g(s).
-42
Suppose 3*c + c = -24. Let m(y) be the second derivative of -y**4/12 - 5*y**3/6 + 11*y**2/2 + 29*y - 2. Give m(c).
5
Let z(l) be the third derivative of -l**4/24 + 2*l**3 - l**2. Suppose 0 = 5*o + 2*a - 41, 0 = -435*o + 439*o - a - 64. Determine z(o).
-1
Suppose 3*r - 96 = 4*w + 68, 0 = 2*w + 10. Let o = 11 + -7. Suppose 4*z + r = -o*n, 3*z + 5 = 2*n - 6. Let u(c) = c**2 + 9*c + 10. What is u(z)?
-4
Let w = -662 + 717. Suppose 3*r = w - 49. Let d(t) = 4*t - 3. Determine d(r).
5
Let a(k) = k**2 - 22*k - 20. Let n(m) = -m**2 + 30*m + 23. Let s(l) = -4*a(l) - 3*n(l). Calculate s(-4).
3
Let o(j) = 18*j - 205. Let l be 22 + -2 + 1 + -9. Calculate o(l).
11
Let h(u) = 2610*u**2 + 16 - 1 + 5*u**3 + 7*u - 6*u**3 - 2603*u**2. Calculate h(8).
7
Let b(v) = 35*v - 29*v**2 + 52*v**2 - v - 298 - 24*v**2. Give b(16).
-10
Let z = -7 - -10. Let k(d) = -2*d + 6*d - 3*d. Let m(u) = 2*u + 1. Let j(o) = z*m(o) - 5*k(o). Give j(-3).
0
Let p(r) = r**2 + 21*r + 1. Suppose 4*z + 2*y + 2738 = 2630, y = z + 18. What is p(z)?
73
Let j(t) be the second derivative of -3*t**4/4 + 5*t**3/6 - 5*t**2/2 - 4175*t. Calculate j(2).
-31
Let t(q) = q**2 - q - 4. Let i = -251 + 71. Let f be i/(-63) - -1*1/7. Give t(f).
2
Let m(k) = 2*k + 9. Let q(n) = 3*n + 5. Let i(y) = -16*y - 25. Let s(f) = 2*i(f) + 11*q(f). Let b(c) = 6*m(c) - 11*s(c). What is b(-3)?
-4
Let c(z) = -z - 20. Let r = -42 + 48. Let s = r - 2. Suppose f = s*f. Determine c(f).
-20
Let q(s) = -2 + 2*s - 5 + 0. Let h be ((-8928)/(-117))/(-16) + (-9)/39. Determine q(h).
-17
Suppose 135*r - 137*r = 18. Let x(z) = 2*z - 22. Calculate x(r).
-40
Let z(x) = -2 + 210*x**2 - 6869*x - 205*x**2 + 6871*x. Let i = -9 - -7. Give z(i).
14
Let n(q) = 4*q - 64. Let r be n(17). Let j(z) = -r*z + z + 107 - 103. Calculate j(4).
-8
Let d(p) = -1450 - 3*p + 7*p + 728 + 720 + p**2. Suppose k + 0*w = -2*w + 7, -3*k = -3*w + 24. Calculate d(k).
-5
Let c be (-2 + 3)*(-4 - (-2 - 2)). Let y(z) be the second derivative of -2*z**2 + c + 1/6*z**3 - 17*z. Give y(4).
0
Let q be -2 - (-52 - -51) - (1*-1 - 7). Let g(f) = f**3 - 5*f**2 - 9*f - 15. What is g(q)?
20
Let y = 2 + 0. Let o(l) = -3*l**2 + 17 + y*l**2 + 8*l - 11. Suppose -123*p = -100*p - 184. Determine o(p).
6
Let z(y) = y**2 - 4*y + 34. Let t be -23 - 1474/(-66) - 3*2/(-9). Give z(t).
34
Let b(c) be the second derivative of 5/6*c**3 - 1/12*c**4 + 0 + 18*c - 1/2*c**2. Let v = -78 + 82. Determine b(v).
3
Let b(i) = 5*i - 8. Let t(h) = 15*h - 27. Let r(o) = 7*b(o) - 2*t(o). Suppose -2*v = -q - 20, 5*q + 12 = -3*v - 62. Let s = q - -14. Calculate r(s).
-12
Let s(t) be the second derivative of -t**4/12 + 5*t**3/6 - 7*t**2/2 + 4*t - 2101. Determine s(-3).
-31
Let u = 144 + -144. Suppose u = -3*b, l - 4*l + 2*b - 18 = 0. Let m(h) = -h**2 - 5*h + 1. Determine m(l).
-5
Let g(m) = m + 4. Let y(l) = l**3 - 2*l**2 + 6. Let p be y(-2). Let f = 22 + -28. Let z be ((-4 + 10)/f)/(2/p). Calculate g(z).
9
Let o(n) be the second derivative of n**4/12 + n**3/6 - 61*n**2/2 - 5366*n. What is o(7)?
-5
Let l(x) = x**3 - 13*x**2 + 3*x - 48. Let v = -4078 - -4091. Calculate l(v).
-9
Let l(b) = b**3 + 7*b**2 - 7*b + 8. Suppose -m = 5*d - 3, 2 - 5 = -2*d - m. Suppose d*f = 20*f + 160. Determine l(f).
0
Let q(c) = -c - 2009965 + 12*c + 5*c**2 + c**2 + 7*c**2 + c**3 + 2009964. Let k = -2 - 10. Determine q(k).
11
Let s be 120/(-420) - -1*66/(-14). Let f(r) = r**2 + r + 17. What is f(s)?
37
Let a = -351 + 390. Suppose 0 = 3*v - d - 47, -a = -55*v + 54*v + 5*d. Let s(k) = k**2 - 13*k - 17. Calculate s(v).
-3
Suppose -j = 9, -3*x + 2*j + 17 + 1 = 0. Let f(z) be the second derivative of -5/6*z**3 + 3/2*z**2 + x - 1/12*z**4 - 40*z. Give f(-6).
-3
Let p = 5 - 0. Let q(b) = 2*b + 1. Let u(y) = -3*y - 1. Let m(j) = 22*j + 8. Let s(k) = 2*m(k) + 14*u(k). Let z(f) = p*q(f) - 4*s(f). What is z(4)?
5
Suppose -11 = 2*a - 9. Let v be 0 + a + (-3)/(-3). Let u(k) be the third derivative of k**4/24 + 5*k**3/3 - 48*k**2. What is u(v)?
10
Let d(u) = -4*u**2 - 2*u + 44. Suppose 30*z + 39 + 81 = 0. What is d(z)?
-12
Let s(h) = -h**2 + h - 1. Suppose 0 = 226*m - 231*m + 45. Suppose 5*j = 4*g + 7 - 1, -5*g + 4*j - 12 = 0. Let c be m/g + 37/148. What is s(c)?
-7
Suppose 2*o - m - 5 = 0, 12 = 3*o - 4*m + 2. Let b(z) = -z**3 - 4*z**o - 6*z + z + 11*z**2 + 5. Suppose -4*c = -9*c, -4*c = s - 6. Determine b(s).
11
Let z = 2073 - 2069. Let i(f) be the third derivative of -3/40*f**6 - z*f**2 + 0 + 0*f + 1/12*f**4 + 1/6*f**3 + 1/60*f**5. Determine i(-1).
9
Let i be (-15)/(-9